[INFO] cloning repository https://github.com/ablanleuil/rust_riscv
[INFO] running `Command { std: "git" "-c" "credential.helper=" "-c" "credential.helper=/workspace/cargo-home/bin/git-credential-null" "clone" "--bare" "https://github.com/ablanleuil/rust_riscv" "/workspace/cache/git-repos/https%3A%2F%2Fgithub.com%2Fablanleuil%2Frust_riscv", kill_on_drop: false }`
[INFO] [stderr] Cloning into bare repository '/workspace/cache/git-repos/https%3A%2F%2Fgithub.com%2Fablanleuil%2Frust_riscv'...
[INFO] running `Command { std: "git" "rev-parse" "HEAD", kill_on_drop: false }`
[INFO] [stdout] 6aadc93bba931bb6e7e6628dc7fee530d877fd74
[INFO] checking ablanleuil/rust_riscv against master#9610dfe5a9a731ced1ea4923ecbd0c57fe367898 for beta-170-4
[INFO] running `Command { std: "git" "clone" "/workspace/cache/git-repos/https%3A%2F%2Fgithub.com%2Fablanleuil%2Frust_riscv" "/workspace/builds/worker-0-tc1/source", kill_on_drop: false }`
[INFO] [stderr] Cloning into '/workspace/builds/worker-0-tc1/source'...
[INFO] [stderr] done.
[INFO] [stderr] Updating files:  20% (23/114)
Updating files:  21% (24/114)
Updating files:  22% (26/114)
Updating files:  23% (27/114)
Updating files:  24% (28/114)
Updating files:  25% (29/114)
Updating files:  26% (30/114)
Updating files:  27% (31/114)
Updating files:  28% (32/114)
Updating files:  29% (34/114)
Updating files:  30% (35/114)
Updating files:  31% (36/114)
Updating files:  32% (37/114)
Updating files:  33% (38/114)
Updating files:  34% (39/114)
Updating files:  35% (40/114)
Updating files:  36% (42/114)
Updating files:  37% (43/114)
Updating files:  38% (44/114)
Updating files:  39% (45/114)
Updating files:  40% (46/114)
Updating files:  41% (47/114)
Updating files:  42% (48/114)
Updating files:  43% (50/114)
Updating files:  44% (51/114)
Updating files:  45% (52/114)
Updating files:  46% (53/114)
Updating files:  47% (54/114)
Updating files:  48% (55/114)
Updating files:  49% (56/114)
Updating files:  50% (57/114)
Updating files:  51% (59/114)
Updating files:  52% (60/114)
Updating files:  53% (61/114)
Updating files:  54% (62/114)
Updating files:  55% (63/114)
Updating files:  56% (64/114)
Updating files:  57% (65/114)
Updating files:  58% (67/114)
Updating files:  59% (68/114)
Updating files:  60% (69/114)
Updating files:  61% (70/114)
Updating files:  62% (71/114)
Updating files:  63% (72/114)
Updating files:  64% (73/114)
Updating files:  65% (75/114)
Updating files:  66% (76/114)
Updating files:  67% (77/114)
Updating files:  68% (78/114)
Updating files:  69% (79/114)
Updating files:  70% (80/114)
Updating files:  71% (81/114)
Updating files:  72% (83/114)
Updating files:  73% (84/114)
Updating files:  74% (85/114)
Updating files:  75% (86/114)
Updating files:  76% (87/114)
Updating files:  77% (88/114)
Updating files:  78% (89/114)
Updating files:  79% (91/114)
Updating files:  80% (92/114)
Updating files:  81% (93/114)
Updating files:  82% (94/114)
Updating files:  83% (95/114)
Updating files:  84% (96/114)
Updating files:  85% (97/114)
Updating files:  86% (99/114)
Updating files:  87% (100/114)
Updating files:  88% (101/114)
Updating files:  89% (102/114)
Updating files:  90% (103/114)
Updating files:  91% (104/114)
Updating files:  92% (105/114)
Updating files:  93% (107/114)
Updating files:  94% (108/114)
Updating files:  95% (109/114)
Updating files:  96% (110/114)
Updating files:  97% (111/114)
Updating files:  98% (112/114)
Updating files:  99% (113/114)
Updating files: 100% (114/114)
Updating files: 100% (114/114), done.
[INFO] validating manifest of git repo https://github.com/ablanleuil/rust_riscv on toolchain 9610dfe5a9a731ced1ea4923ecbd0c57fe367898
[INFO] running `Command { std: CARGO_HOME="/workspace/cargo-home" RUSTUP_HOME="/workspace/rustup-home" "/workspace/cargo-home/bin/cargo" "+9610dfe5a9a731ced1ea4923ecbd0c57fe367898" "metadata" "--manifest-path" "Cargo.toml" "--no-deps", kill_on_drop: false }`
[INFO] started tweaking git repo https://github.com/ablanleuil/rust_riscv
[INFO] finished tweaking git repo https://github.com/ablanleuil/rust_riscv
[INFO] tweaked toml for git repo https://github.com/ablanleuil/rust_riscv written to /workspace/builds/worker-0-tc1/source/Cargo.toml
[INFO] crate git repo https://github.com/ablanleuil/rust_riscv already has a lockfile, it will not be regenerated
[INFO] running `Command { std: CARGO_HOME="/workspace/cargo-home" RUSTUP_HOME="/workspace/rustup-home" "/workspace/cargo-home/bin/cargo" "+9610dfe5a9a731ced1ea4923ecbd0c57fe367898" "fetch" "--manifest-path" "Cargo.toml", kill_on_drop: false }`
[INFO] [stderr] warning: file `/workspace/builds/worker-0-tc1/source/examples/simtx.rs` found to be present in multiple build targets:
[INFO] [stderr]   * `bin` target `simtx`
[INFO] [stderr]   * `example` target `simtx`
[INFO] [stderr]     Updating crates.io index
[INFO] [stderr]  Downloading crates ...
[INFO] [stderr]   Downloaded elf v0.0.10
[INFO] running `Command { std: "docker" "create" "-v" "/var/lib/crater-agent-workspace/builds/worker-0-tc1/target:/opt/rustwide/target:rw,Z" "-v" "/var/lib/crater-agent-workspace/builds/worker-0-tc1/source:/opt/rustwide/workdir:ro,Z" "-v" "/var/lib/crater-agent-workspace/cargo-home:/opt/rustwide/cargo-home:ro,Z" "-v" "/var/lib/crater-agent-workspace/rustup-home:/opt/rustwide/rustup-home:ro,Z" "-e" "SOURCE_DIR=/opt/rustwide/workdir" "-e" "CARGO_TARGET_DIR=/opt/rustwide/target" "-e" "CARGO_HOME=/opt/rustwide/cargo-home" "-e" "RUSTUP_HOME=/opt/rustwide/rustup-home" "-w" "/opt/rustwide/workdir" "-m" "1610612736" "--user" "0:0" "--network" "none" "ghcr.io/rust-lang/crates-build-env/linux@sha256:19e73879b68f455e41552ea35293514db52ea292d993f571636dbffedb77a1ee" "/opt/rustwide/cargo-home/bin/cargo" "+9610dfe5a9a731ced1ea4923ecbd0c57fe367898" "metadata" "--no-deps" "--format-version=1", kill_on_drop: false }`
[INFO] [stdout] 4e0558a180c0e7c2af999d8313c649bb345841769e05421c8b48856d6b5defb8
[INFO] running `Command { std: "docker" "start" "-a" "4e0558a180c0e7c2af999d8313c649bb345841769e05421c8b48856d6b5defb8", kill_on_drop: false }`
[INFO] running `Command { std: "docker" "inspect" "4e0558a180c0e7c2af999d8313c649bb345841769e05421c8b48856d6b5defb8", kill_on_drop: false }`
[INFO] running `Command { std: "docker" "rm" "-f" "4e0558a180c0e7c2af999d8313c649bb345841769e05421c8b48856d6b5defb8", kill_on_drop: false }`
[INFO] [stdout] 4e0558a180c0e7c2af999d8313c649bb345841769e05421c8b48856d6b5defb8
[INFO] running `Command { std: "docker" "create" "-v" "/var/lib/crater-agent-workspace/builds/worker-0-tc1/target:/opt/rustwide/target:rw,Z" "-v" "/var/lib/crater-agent-workspace/builds/worker-0-tc1/source:/opt/rustwide/workdir:ro,Z" "-v" "/var/lib/crater-agent-workspace/cargo-home:/opt/rustwide/cargo-home:ro,Z" "-v" "/var/lib/crater-agent-workspace/rustup-home:/opt/rustwide/rustup-home:ro,Z" "-e" "SOURCE_DIR=/opt/rustwide/workdir" "-e" "CARGO_TARGET_DIR=/opt/rustwide/target" "-e" "CARGO_INCREMENTAL=0" "-e" "RUST_BACKTRACE=full" "-e" "RUSTFLAGS=--cap-lints=forbid" "-e" "RUSTDOCFLAGS=--cap-lints=forbid" "-e" "CARGO_HOME=/opt/rustwide/cargo-home" "-e" "RUSTUP_HOME=/opt/rustwide/rustup-home" "-w" "/opt/rustwide/workdir" "-m" "1610612736" "--user" "0:0" "--network" "none" "ghcr.io/rust-lang/crates-build-env/linux@sha256:19e73879b68f455e41552ea35293514db52ea292d993f571636dbffedb77a1ee" "/opt/rustwide/cargo-home/bin/cargo" "+9610dfe5a9a731ced1ea4923ecbd0c57fe367898" "check" "--frozen" "--all" "--all-targets" "--message-format=json", kill_on_drop: false }`
[INFO] [stdout] a46caaf749bb82bb9900740f8e7221a6857abb039b759fa14a72978b7e72ca33
[INFO] running `Command { std: "docker" "start" "-a" "a46caaf749bb82bb9900740f8e7221a6857abb039b759fa14a72978b7e72ca33", kill_on_drop: false }`
[INFO] [stderr] warning: file `/opt/rustwide/workdir/examples/simtx.rs` found to be present in multiple build targets:
[INFO] [stderr]   * `bin` target `simtx`
[INFO] [stderr]   * `example` target `simtx`
[INFO] [stderr]    Compiling autocfg v0.1.7
[INFO] [stderr]    Compiling semver-parser v0.7.0
[INFO] [stderr]    Compiling libc v0.2.144
[INFO] [stderr]    Compiling io-lifetimes v1.0.11
[INFO] [stderr]    Compiling rustix v0.37.19
[INFO] [stderr]     Checking linux-raw-sys v0.3.8
[INFO] [stderr]     Checking utf8parse v0.2.1
[INFO] [stderr]     Checking anstyle-query v1.0.0
[INFO] [stderr]     Checking colorchoice v1.0.0
[INFO] [stderr]     Checking anstyle v1.0.0
[INFO] [stderr]     Checking clap_lex v0.5.0
[INFO] [stderr]     Checking byteorder v0.5.3
[INFO] [stderr]     Checking anstyle-parse v0.2.0
[INFO] [stderr]     Checking elf v0.0.10
[INFO] [stderr]    Compiling semver v0.9.0
[INFO] [stderr]    Compiling crossbeam-utils v0.7.0
[INFO] [stderr]    Compiling crossbeam-epoch v0.8.0
[INFO] [stderr]    Compiling rustc_version v0.2.3
[INFO] [stderr]    Compiling memoffset v0.5.3
[INFO] [stderr]     Checking crossbeam-channel v0.4.0
[INFO] [stderr]     Checking crossbeam-queue v0.2.1
[INFO] [stderr]     Checking crossbeam-deque v0.7.2
[INFO] [stderr]     Checking crossbeam v0.7.3
[INFO] [stderr]     Checking is-terminal v0.4.7
[INFO] [stderr]     Checking anstream v0.3.2
[INFO] [stderr]     Checking clap_builder v4.3.0
[INFO] [stderr]     Checking clap v4.3.0
[INFO] [stderr]     Checking riscv-sandbox v0.3.0 (/opt/rustwide/workdir)
[INFO] [stdout] warning: anonymous parameters are deprecated and will be removed in the next edition
[INFO] [stdout]   --> src/machine/mod.rs:22:25
[INFO] [stdout]    |
[INFO] [stdout] 22 |     fn cycle(&mut self, &mut dyn Memory);
[INFO] [stdout]    |                         ^^^^^^^^^^^^^^^ help: try naming the parameter or explicitly ignoring it: `_: &mut dyn Memory`
[INFO] [stdout]    |
[INFO] [stdout]    = warning: this is accepted in the current edition (Rust 2015) but is a hard error in Rust 2018!
[INFO] [stdout]    = note: for more information, see issue #41686 <https://github.com/rust-lang/rust/issues/41686>
[INFO] [stdout]    = note: `#[warn(anonymous_parameters)]` on by default
[INFO] [stdout] 
[INFO] [stdout] 
[INFO] [stdout] warning: anonymous parameters are deprecated and will be removed in the next edition
[INFO] [stdout]   --> src/machine/mod.rs:22:25
[INFO] [stdout]    |
[INFO] [stdout] 22 |     fn cycle(&mut self, &mut dyn Memory);
[INFO] [stdout]    |                         ^^^^^^^^^^^^^^^ help: try naming the parameter or explicitly ignoring it: `_: &mut dyn Memory`
[INFO] [stdout]    |
[INFO] [stdout]    = warning: this is accepted in the current edition (Rust 2015) but is a hard error in Rust 2018!
[INFO] [stdout]    = note: for more information, see issue #41686 <https://github.com/rust-lang/rust/issues/41686>
[INFO] [stdout]    = note: `#[warn(anonymous_parameters)]` on by default
[INFO] [stdout] 
[INFO] [stdout] 
[INFO] [stdout] warning: the feature `bool_to_option` has been stable since 1.62.0 and no longer requires an attribute to enable
[INFO] [stdout]  --> src/lib.rs:1:29
[INFO] [stdout]   |
[INFO] [stdout] 1 | #![feature(vec_remove_item, bool_to_option,drain_filter,new_uninit)]
[INFO] [stdout]   |                             ^^^^^^^^^^^^^^
[INFO] [stdout]   |
[INFO] [stdout]   = note: `#[warn(stable_features)]` on by default
[INFO] [stdout] 
[INFO] [stdout] 
[INFO] [stdout] error[E0635]: unknown feature `vec_remove_item`
[INFO] [stdout]  --> src/lib.rs:1:12
[INFO] [stdout]   |
[INFO] [stdout] 1 | #![feature(vec_remove_item, bool_to_option,drain_filter,new_uninit)]
[INFO] [stdout]   |            ^^^^^^^^^^^^^^^
[INFO] [stdout] 
[INFO] [stdout] 
[INFO] [stdout] warning: the feature `bool_to_option` has been stable since 1.62.0 and no longer requires an attribute to enable
[INFO] [stdout]  --> src/lib.rs:1:29
[INFO] [stdout]   |
[INFO] [stdout] 1 | #![feature(vec_remove_item, bool_to_option,drain_filter,new_uninit)]
[INFO] [stdout]   |                             ^^^^^^^^^^^^^^
[INFO] [stdout]   |
[INFO] [stdout]   = note: `#[warn(stable_features)]` on by default
[INFO] [stdout] 
[INFO] [stdout] 
[INFO] [stdout] error[E0635]: unknown feature `vec_remove_item`
[INFO] [stdout]  --> src/lib.rs:1:12
[INFO] [stdout]   |
[INFO] [stdout] 1 | #![feature(vec_remove_item, bool_to_option,drain_filter,new_uninit)]
[INFO] [stdout]   |            ^^^^^^^^^^^^^^^
[INFO] [stdout] 
[INFO] [stdout] 
[INFO] [stdout] error[E0599]: no method named `remove_item` found for struct `Vec<usize>` in the current scope
[INFO] [stdout]     --> src/machine/simtx/implem.rs:1341:27
[INFO] [stdout]      |
[INFO] [stdout] 1341 |         self.idle_threads.remove_item(&coreid);
[INFO] [stdout]      |                           ^^^^^^^^^^^ help: there is a method with a similar name: `remove`
[INFO] [stdout] 
[INFO] [stdout] 
[INFO] [stdout] error: aborting due to 2 previous errors; 2 warnings emitted
[INFO] [stdout] 
[INFO] [stdout] 
[INFO] [stdout] Some errors have detailed explanations: E0599, E0635.
[INFO] [stdout] 
[INFO] [stdout] For more information about an error, try `rustc --explain E0599`.
[INFO] [stdout] 
[INFO] [stdout] error[E0599]: no method named `remove_item` found for struct `Vec<usize>` in the current scope
[INFO] [stdout]     --> src/machine/simtx/implem.rs:1341:27
[INFO] [stdout]      |
[INFO] [stdout] 1341 |         self.idle_threads.remove_item(&coreid);
[INFO] [stdout]      |                           ^^^^^^^^^^^ help: there is a method with a similar name: `remove`
[INFO] [stdout] 
[INFO] [stdout] 
[INFO] [stderr] error: could not compile `riscv-sandbox` (lib) due to 3 previous errors; 2 warnings emitted
[INFO] [stderr] warning: build failed, waiting for other jobs to finish...
[INFO] [stdout] error: aborting due to 2 previous errors; 2 warnings emitted
[INFO] [stdout] 
[INFO] [stdout] 
[INFO] [stdout] Some errors have detailed explanations: E0599, E0635.
[INFO] [stdout] 
[INFO] [stdout] For more information about an error, try `rustc --explain E0599`.
[INFO] [stdout] 
[INFO] [stderr] error: could not compile `riscv-sandbox` (lib test) due to 3 previous errors; 2 warnings emitted
[INFO] running `Command { std: "docker" "inspect" "a46caaf749bb82bb9900740f8e7221a6857abb039b759fa14a72978b7e72ca33", kill_on_drop: false }`
[INFO] running `Command { std: "docker" "rm" "-f" "a46caaf749bb82bb9900740f8e7221a6857abb039b759fa14a72978b7e72ca33", kill_on_drop: false }`
[INFO] [stdout] a46caaf749bb82bb9900740f8e7221a6857abb039b759fa14a72978b7e72ca33
